ide 33109?
False
Is 86 a factor of 981604?
True
Does 245 divide 186463?
False
Is 209842 a multiple of 239?
True
Is 18133632 a multiple of 352?
True
Does 19 divide 2070506?
True
Is 150332 a multiple of 13?
True
Is 2876 a multiple of 4?
True
Does 13 divide 27940?
False
Is 788900 a multiple of 50?
True
Is 367941 a multiple of 7?
True
Is 340 a factor of 533800?
True
Is 2167 a multiple of 11?
True
Is 33 a factor of 1186383?
True
Is 36 a factor of 1583246?
False
Is 124 a factor of 45632?
True
Is 26 a factor of 6612033?
False
Is 416251 a multiple of 7?
False
Is 16 a factor of 163235?
False
Is 63 a factor of 114786?
True
Is 20 a factor of 452103?
False
Is 8270 a multiple of 159?
False
Is 1026999 a multiple of 18?
False
Is 23 a factor of 2426201?
True
Is 393 a factor of 3997596?
True
Is 100 a factor of 293300?
True
Does 7 divide 26106?
False
Is 36 a factor of 3284532?
True
Is 16 a factor of 438428?
False
Is 46 a factor of 324751?
False
Is 22 a factor of 979110?
True
Is 3180790 a multiple of 5?
True
Does 801 divide 6493707?
True
Does 976 divide 1733373?
False
Does 23 divide 747224?
True
Does 343 divide 10916661?
True
Is 16 a factor of 2349341?
False
Is 15 a factor of 1410240?
True
Is 453 a factor of 228244?
False
Is 992934 even?
True
Does 204 divide 1037090?
False
Is 42 a factor of 196770?
True
Does 104 divide 361816?
True
Is 54060 a multiple of 3?
True
Does 121 divide 92323?
True
Is 3136485 a multiple of 55?
True
Does 4 divide 2499736?
True
Does 19 divide 27455?
True
Does 4 divide 4976?
True
Is 2330167 a multiple of 50?
False
Is 469225 a multiple of 31?
False
Does 48 divide 1911600?
True
Does 97 divide 290670?
False
Is 2911640 a multiple of 415?
True
Does 59 divide 39176?
True
Is 3 a factor of 15807?
True
Does 131 divide 85674?
True
Is 21 a factor of 223455?
False
Is 15 a factor of 10828?
False
Is 11025 a multiple of 15?
True
Does 182 divide 348348?
True
Does 9 divide 2850354?
True
Is 170245 a multiple of 395?
True
Is 2318400 a multiple of 1050?
True
Is 11230611 a multiple of 903?
True
Is 7468902 a multiple of 9?
True
Is 672 a factor of 147055?
False
Is 84 a factor of 307608?
True
Does 43 divide 98513?
True
Does 188 divide 16356?
True
Does 41 divide 6355902?
True
Does 125 divide 1541590?
False
Does 489 divide 2428296?
False
Is 296 a factor of 1504127?
False
Does 261 divide 589349?
False
Is 31 a factor of 649853?
True
Is 2446899 a multiple of 40?
False
Is 12 a factor of 44628?
True
Is 180130 a multiple of 275?
False
Is 1167184 a multiple of 8?
True
Does 11 divide 102189?
False
Is 75 a factor of 446850?
True
Is 27 a factor of 194805?
True
Is 16 a factor of 1519004?
False
Is 5 a factor of 54175?
True
Does 211 divide 24265?
True
Is 41 a factor of 4454558?
False
Is 544498 a multiple of 63?
False
Does 5 divide 653180?
True
Is 13246 a multiple of 7?
False
Does 10 divide 358145?
False
Does 294 divide 76699?
False
Is 991079 a multiple of 2?
False
Is 621530 a multiple of 10?
True
Does 22 divide 191379?
False
Does 457 divide 503404?
False
Does 375 divide 12000?
True
Is 473 a factor of 186835?
True
Is 482716 a multiple of 26?
True
Is 48921 a multiple of 55?
False
Is 90 a factor of 126869?
False
Is 63 a factor of 10143?
True
Is 1779814 a multiple of 58?
False
Is 98 a factor of 106820?
True
Does 38 divide 418228?
True
Is 27 a factor of 8574?
False
Is 3 a factor of 137568?
True
Does 99 divide 1926936?
True
Does 77 divide 178675?
False
Is 1404 a multiple of 8?
False
Is 19 a factor of 243880?
False
Does 192 divide 2664960?
True
Is 6 a factor of 111413?
False
Is 897 a factor of 954408?
True
Does 16 divide 15637504?
True
Is 1825466 a multiple of 17?
False
Does 126 divide 510063?
False
Is 163 a factor of 402121?
True
Does 10 divide 5796451?
False
Is 75645 a multiple of 369?
True
Is 158270 a multiple of 95?
True
Is 169 a factor of 160495?
False
Is 16 a factor of 1022534?
False
Does 26 divide 785122?
True
Is 39327 a multiple of 106?
False
Is 8090 a multiple of 7?
False
Is 112122 a multiple of 6?
True
Is 724608 a multiple of 36?
True
Is 249 a factor of 355323?
True
Is 62 a factor of 759686?
True
Is 1168 a factor of 2270023?
False
Does 170 divide 203961?
False
Is 9244306 a multiple of 27?
False
Is 134 a factor of 153430?
True
Is 3288907 a multiple of 17?
False
Is 90530 a multiple of 5?
True
Is 63 a factor of 101745?
True
Is 16499734 a multiple of 162?
False
Does 10 divide 152899?
False
Does 11 divide 3551706?
False
Is 350 a factor of 639359?
False
Does 28 divide 5992669?
False
Does 151 divide 13024807?
True
Is 257026 a multiple of 226?
False
Is 98418 a multiple of 94?
True
Is 482 a factor of 6534158?
False
Is 154 a factor of 3420186?
True
Does 73 divide 3454287?
True
Does 243 divide 1346220?
True
Is 1087268 a multiple of 364?
True
Is 27 a factor of 135590?
False
Is 112 a factor of 2025867?
False
Is 44583 a multiple of 21?
True
Is 1964391 a multiple of 241?
True
Does 11 divide 224832?
False
Is 4736893 a multiple of 94?
False
Is 1480 a factor of 402560?
True
Does 75 divide 2919150?
True
Is 820190 a multiple of 1078?
False
Is 6620050 a multiple of 775?
True
Is 26 a factor of 15309060?
True
Is 12 a factor of 65931?
False
Is 234706 a multiple of 39?
False
Is 19 a factor of 671232?
True
Is 6453843 a multiple of 19?
False
Does 66 divide 713064?
True
Does 839 divide 1168727?
True
Is 165 a factor of 1232?
False
Is 193108 a multiple of 46?
True
Does 8 divide 107461?
False
Is 60820 a multiple of 48?
False
Is 419 a factor of 423206?
False
Does 19 divide 902918?
True
Is 3702804 a multiple of 273?
False
Is 73 a factor of 649251?
False
Is 144 a factor of 116356?
False
Does 412 divide 8347532?
True
Is 24 a factor of 27960?
True
Is 1301926 a multiple of 244?
False
Is 1248972 a multiple of 97?
True
Does 28 divide 1715252?
True
Is 479697 a multiple of 16?
False
Does 21 divide 62706?
True
Does 531 divide 4362696?
True
Is 53 a factor of 415716?
False
Is 957950 a multiple of 6?
False
Is 27 a factor of 1870263?
True
Does 13 divide 5720663?
True
Is 673260 a multiple of 687?
True
Is 2360196 a multiple of 5?
False
Is 6107073 a multiple of 21?
True
Is 13763946 a multiple of 1556?
False
Does 25 divide 132992?
False
Does 435 divide 4858142?
False
Is 50619 a multiple of 28?
False
Is 948924 a multiple of 172?
True
Is 240 a multiple of 40?
True
Is 8 a factor of 426528?
True
Does 2 divide 14065?
False
Is 1547 a factor of 4645641?
True
Does 102 divide 10219481?
False
Does 55 divide 22224324?
False
Is 24682 a multiple of 24?
False
Does 5 divide 150622?
False
Is 106 a factor of 110533?
False
Is 16 a factor of 8695520?
True
Is 82 a factor of 360533?
False
Is 63 a factor of 36603?
True
Is 25038 a multiple of 9?
True
Does 63 divide 301152?
False
Is 143 a factor of 111540?
True
Does 140 divide 196000?
True
Is 240240 a multiple of 110?
True
Is 36 a factor of 3026052?
True
Is 3 a factor of 200073?
True
Does 121 divide 739181?
False
Is 885 a multiple of 3?
True
Is 47393 even?
False
Is 5346 a multiple of 9?
True
Does 175 divide 2303622?
False
Is 47 a factor of 506744?
False
Does 19 divide 82033?
False
Is 120 a factor of 214862?
False
Does 219 divide 54750?
True
Is 186 a factor of 11974888?
False
Is 57427 a multiple of 16?
False
Is 20646 a multiple of 111?
True
Does 5 divide 4458340?
True
Does 47 divide 87984?
True
Is 20066 a multiple of 10?
False
Is 1021 a factor of 1160877?
True
Is 1072 a factor of 3613712?
True
Is 82 a factor of 13492772?
True
Does 144 divide 418896?
True
Does 80 divide 203840?
True
Is 2142725 a multiple of 1235?
True
Is 89966 a multiple of 98?
False
Does 238 divide 4278382?
False
Is 14360136 a multiple of 21?
True
Is 6479283 a multiple of 734?
False
Is 5710485 a multiple of 254?
False
Is 8754219 a multiple of 36?
False
Is 622 a factor of 5140830?
True
Is 22 a factor of 4969536?
True
Does 243 divide 6277662?
True
Is 275 a factor of 280225?
True
Is 47 a factor of 454255?
True
Does 34 divide 221215?
False
Is 103454 a multiple of 14?
False
Is 249 a factor of 18287066?
False
Does 171 divide 89091?
True
Is 3 a factor of 700715?
False
Is 363 a factor of 258904?
False
Does 1058 divide 138855?
False
Does 569 divide 2184051?
False
Does 17 divide 21806?
False
Is 35557 a multiple of 31?
True
Is 10 a factor of 7741523?
False
Is 86 a factor of 31562?
True
Does 11 divide 3292604?
False
Does 107 divide 56817?
